-705 - -2016. What are the prime factors of f?
3, 19, 23
What are the prime factors of (-250)/(-4)*12/35*14?
2, 3, 5
What are the prime factors of (-371*(-1)/1)/(56/560)?
2, 5, 7, 53
Suppose -16*z - 443 = -1755. List the prime factors of z.
2, 41
Let q be 5/(175/14) + 58/5. Suppose 42 = j + q. List the prime factors of j.
2, 3, 5
Suppose -8 = -g - 5*y, -17 = -4*g - 3*y - 2. Suppose 0 = -m + g*l + 134, 4*l + 0*l = -m + 148. List the prime factors of m.
2, 5, 7
Let t = -155 - -241. Suppose 2*d - t = 44. What are the prime factors of d?
5, 13
Let h(z) = 3*z + 14. Let x = 33 - 18. Let q be h(x). Suppose r = q - 11. What are the prime factors of r?
2, 3
Let l(f) = 7*f + 35. Let g be l(-5). Suppose g = s + 5, -2*o - s + 494 = -3*s. What are the prime factors of o?
2, 11
Let r = -5 + 6. Let w(z) = 27*z + 3 - r + 0. List the prime factors of w(1).
29
Let p be (-1258)/(-5) - 9/15. Suppose 0 = m - 2*k - 252, -4*m - p = -k - 1266. What are the prime factors of m?
2, 127
Suppose -2*a - 2*c + 392 = 0, 3*a - c = -0*a + 584. Suppose 0 = 5*l - 6*r + 2*r - a, 3*l - 5*r = 130. What are the prime factors of l?
5, 7
Let c(d) = -d**2 - 4*d + 5. Let o be c(-4). Suppose -2*u - o*s = -123, -3*u + 3*s + 2*s = -147. Let v = -33 + u. What are the prime factors of v?
3, 7
Let m(r) = 207*r + 1. Let b be m(-2). Let t = b - -772. What are the prime factors of t?
359
Let i be 1 - (60/3)/(-4). List the prime factors of (3/2)/((-1)/((-512)/i)).
2
Let o(a) = 4*a + 96. Let u be o(-24). Suppose -3 = -3*g - 5*j, -4*g - 5*j + 2*j + 15 = u. List the prime factors of g.
2, 3
Let o be (-6)/8 - 8/32. Let q be (-50)/40*(-4)/o. List the prime factors of (-119)/q + (-15)/(-75).
2, 3
Suppose 3*g + 4*q - 7*q - 12 = 0, 0 = -3*g - 3*q + 6. Let h(d) = 22*d**2 + 7*d - 2. What are the prime factors of h(g)?
7, 31
Let d(z) = z**2 - 5*z + 4. Let r be (-16)/4*2/(-2). Let w be d(r). Suppose -4*x = -3*b + 2, 3*b - 6*b + 5*x - 2 = w. List the prime factors of b.
2, 3
Let n = 25 + -27. What are the prime factors of (-30)/(2 - (1 - n))?
2, 3, 5
Suppose 0*y - 5*y = 5*u - 35, 0 = 2*y + 4*u - 22. Suppose -y*c - 6 = -4*c. What are the prime factors of (-285)/(-12) - c/8?
23
Let r(i) = 114*i + 121. List the prime factors of r(6).
5, 7, 23
Suppose -w + 11881 = 4*y + 249, -4*w = 4*y - 11644. List the prime factors of y.
3, 17, 19
Let r be 15/8 + (-2)/(-16). Suppose m + 56 = -4*z, r*z - 3*m + 46 = m. Let w = z + 53. What are the prime factors of w?
2, 19
Let t(v) = v**3 + 3. Let s be t(0). Suppose -s*m + 35 = 107. List the prime factors of m/(-84) + (-388)/(-14).
2, 7
Let q(r) = -r - 24. Let w be q(-8). Let a be 1/4 + (-53)/4. Let o = a - w. What are the prime factors of o?
3
Let z be ((28 + 2)/2)/(2/12). Let w = -50 + z. What are the prime factors of w?
2, 5
Let z be (-2)/4*6 + 4. Let l be (8 - z)*(-8 - -1). Let h = -10 - l. What are the prime factors of h?
3, 13
Suppose -2*w + w = -9. Let z = -9 + w. Suppose -f + z*f = -20. List the prime factors of f.
2, 5
Let c(x) = 2*x**3 - 2*x**2 + 2*x. Let o be c(2). Suppose y - 8 = o. Let t = 40 - y. List the prime factors of t.
2, 5
Suppose 2*a = -28 - 14. What are the prime factors of 35*((-48)/a - -2)?
2, 3, 5
List the prime factors of 1687 - (2/12 - 42/36).
2, 211
Suppose 1864 = 27*v - 19*v. List the prime factors of v.
233
Suppose -65*v + 62*v - 4*f = -448, 5*v - 764 = 2*f. What are the prime factors of v?
2, 19
Let m(k) = k**2 - 14*k + 28. Let s be m(12). Suppose p = s*w + 95, 4*p - 368 = -4*w + 8*w. List the prime factors of p.
7, 13
Suppose -14*c = -35*c + 19299. What are the prime factors of c?
919
Let h(a) be the first derivative of -11*a**2 + 6*a - 19. What are the prime factors of h(-4)?
2, 47
Let t be (-19)/(3*(12/(-9))/(-4)). Let w = t - -106. List the prime factors of w.
3, 29
Let m(z) = -z - 6. Let b be m(-10). Suppose b*r - 803 = 185. Suppose 0 = -5*n + r + 33. List the prime factors of n.
2, 7
Let l(r) = 6*r + 50. What are the prime factors of l(-7)?
2
Let s = 45 + -38. Suppose s*z - 8*z = -68. Suppose -82 = -2*d + z. List the prime factors of d.
3, 5
Suppose 0 = 17*p - 88 - 65. Suppose -4*h - 3*q + 489 = 0, -2*h + 509 = 2*h - q. Suppose -3*n + p*n = h. What are the prime factors of n?
3, 7
Let q = 50 - -1570. List the prime factors of (-4)/(-6)*q/15.
2, 3
Suppose -5*j + 10*d = 5*d - 1250, 4*j + 3*d - 1035 = 0. List the prime factors of j.
3, 5, 17
Let w(c) = -2*c**2 - 52*c**3 + 110*c**3 + 3 - 60*c**3 + c. List the prime factors of w(-3).
2, 3
Suppose 0 = j - 2 - 0. Suppose -f + 160 = j*x + x, 640 = 4*f - 5*x. What are the prime factors of f?
2, 5
Suppose -2*h = 3*h. Suppose -4*l + h*l + 12 = 0. Suppose l*j = 10 - 4. What are the prime factors of j?
2
Suppose 3*f - 2*t + 16 = 0, 0 = 3*f + 2*t - t + 28. What are the prime factors of 4 + 259 + f + 5?
2, 5, 13
Suppose 41 = -4*v + 605. Suppose v = -3*d + 5*d - i, d - 5*i - 66 = 0. List the prime factors of d.
71
Suppose 0 = -5*x - 10, -2*v + x = -0*x + 52. Let t be ((-17)/(-4))/((-5)/(-60)). Let k = v + t. List the prime factors of k.
2, 3
Suppose 5 = -5*r + 25. Suppose -r*i - o - 4*o = -1125, -5 = -o. List the prime factors of i.
5, 11
Let i(u) = u**2 - 14*u + 16. Let v be 39/1*(-15)/(-45). Let h be i(v). Suppose -h*o + 8*o = a + 55, 60 = 4*o - 4*a. What are the prime factors of o?
2, 5
Suppose 0*g + 4*g = -2*z + 20, 4*g - z = 14. Suppose g = 5*h - 5*m - 1, 0 = 3*h + 5*m - 11. List the prime factors of (4/6)/(h/72).
2, 3
Let a be ((-12)/((-16)/(-4)))/1. Let m(c) = -61*c + 5. List the prime factors of m(a).
2, 47
Suppose -9*y = -2*y - 33243. What are the prime factors of y?
3, 1583
Let a = -1146 - -1905. What are the prime factors of a?
3, 11, 23
Let w(d) = d**3 + d - 3. Let l = 18 - 15. Let y be w(l). Let v = y + 4. List the prime factors of v.
31
Let t = -121 - -205. Suppose -276 = -4*b + t. What are the prime factors of b?
2, 3, 5
Suppose -5*t = x - 110, x - 3*t = -t + 110. Suppose 7*i + x = 8*i. Let m = i + -54. List the prime factors of m.
2, 7
Let p = -3185 - -4637. What are the prime factors of (-80)/(-35) + -2 + p/14?
2, 13
Let q be (1/(-2))/(2/(-8)). Let d(s) = s**3 + s**3 - 3*s - 1 - 3*s**3 - 2 + 7*s**q. What are the prime factors of d(6)?
3, 5
Let d = 1126 - -2044. List the prime factors of d.
2, 5, 317
Let k = -11 + 12. Suppose -2*s - m + 26 = -5*m, -2*s - k = 5*m. List the prime factors of s.
7
Let v(y) = -83*y + 3. Let q = -68 + 66. List the prime factors of v(q).
13
What are the prime factors of 1/(-6 - 44812/(-7468))?
1867
Let v = -36 + 143. Suppose -y + 88 = -4*o - v, 2*o = 0. What are the prime factors of y?
3, 5, 13
List the prime factors of (4035 - -29) + 1 + 0.
3, 5, 271
Let u be (18/(-14) - -1) + 66/(-14). Let t(y) = -31*y + 4. List the prime factors of t(u).
3, 53
Let t(y) = 3*y**3 - 2*y**2 + 2*y + 324. What are the prime factors of t(0)?
2, 3
Let j = 8 + -14. Let k(g) = -g**3 - 5*g**2 + 4. What are the prime factors of k(j)?
2, 5
Let v(b) = b**3 - 6*b**2 - b + 8. Let x be v(6). Let p be (-4 - -3) + (1 - -2). Suppose p*r - l - 9 = 11, 0 = -2*r - x*l + 26. What are the prime factors of r?
11
Suppose -5*t + 104 = -146. List the prime factors of ((-120)/25)/((-2)/t*1).
2, 3, 5
Let s(d) be the third derivative of d**6/120 + d**5/60 + d**4/8 + 5*d**3/6 - 3*d**2. What are the prime factors of s(0)?
5
Let i(g) = 4*g - 12. Let b be i(15). List the prime factors of 1 + 1/(-1) + b.
2, 3
Let y(t) be the first derivative of t**4 - t**3 - t**2 - t - 180. Suppose -4*z + 0*z + 12 = 0. What are the prime factors of y(z)?
2, 37
Let b(j) = 3*j + 2. Let r be b(-1). Let f = r - 1. What are the prime factors of -94*(f/1)/4?
47
Suppose -20*t + 1314 + 1666 = 0. List the prime factors of t.
149
Let n be -2 - (8*-3 + 2). Let r = -136 - -141. Suppose 7 = -5*z - a + n, -5*z + 25 = r*a. What are the prime factors of z?
2
Suppose -29*l + 16170 = -14251. List the prime factors of l.
1049
Let l(o) = -5*o**2 + 3*o + 38. Let f be l(-6). List the prime factors of f/(-12)*(-21)/(-2).
2, 5, 7
Let b be (-1)/(((-3)/53)/3). Suppose -b = -l + 10. List the prime factors of (-4)/(-18) + 2002/l.
2
Suppose 2068 = 2*y + 5*g, 4*y + 9*g = 10*g + 4114. List the prime factors of y.
3, 7
Let f be (-292)/1 + (5 - 0 - 8). Let r = -182 - f. List the prime factors of r.
113
Let w = 2 + 9. Let i = -17 - -29. What are the prime facto